er?
False
Is 25062127 a prime number?
True
Is 6585053 composite?
False
Is 58071143 a composite number?
True
Is 1010519 prime?
True
Is 12874063 a prime number?
False
Is 1504273 composite?
True
Is 67497971 composite?
False
Is 756239 a composite number?
True
Is 83523079 composite?
True
Is 19355491 prime?
False
Is 105319 a prime number?
True
Is 18428101 a prime number?
True
Is 2759873 prime?
True
Is 103365293 a prime number?
False
Is 38369021 a composite number?
False
Is 37765235 a composite number?
True
Is 3999871 a composite number?
False
Is 94531813 prime?
True
Is 7719971 a composite number?
True
Is 601819 composite?
False
Is 47051611 composite?
False
Is 494901767 a composite number?
False
Is 260213023 a composite number?
True
Is 6118699 prime?
True
Is 597479 a composite number?
True
Is 5555337 composite?
True
Is 2517037 prime?
False
Is 710237 prime?
False
Is 2425249 a composite number?
False
Is 1178347 a composite number?
False
Is 142623631 a composite number?
True
Is 980861993 a prime number?
True
Is 4851733 composite?
True
Is 29199641 a composite number?
False
Is 45110641 composite?
False
Is 22454207 composite?
True
Is 46200991 prime?
False
Is 76596791 prime?
True
Is 21839453 a prime number?
False
Is 43874899 a composite number?
False
Is 259140307 prime?
True
Is 42885887 a prime number?
False
Is 68771281 composite?
False
Is 25116383 composite?
False
Is 4248539 a prime number?
True
Is 27897941 composite?
False
Is 10309801 a prime number?
True
Is 9922319 prime?
False
Is 28864085 a composite number?
True
Is 9760511 composite?
False
Is 2988253 prime?
True
Is 150068029 composite?
False
Is 2226473 composite?
True
Is 181267 a prime number?
False
Is 592427 prime?
False
Is 12648926 a prime number?
False
Is 3632903 a composite number?
False
Is 40286611 prime?
False
Is 3026273 a composite number?
True
Is 314779057 a composite number?
True
Is 209488138 composite?
True
Is 41081369 composite?
True
Is 46323619 a composite number?
False
Is 550454803 a prime number?
True
Is 10093501 a prime number?
False
Is 491 prime?
True
Is 311105566 a prime number?
False
Is 56565389 a prime number?
True
Is 3072829 prime?
True
Is 25422109 prime?
True
Is 260104961 composite?
False
Is 49493963 prime?
True
Is 184867583 composite?
True
Is 6208197 prime?
False
Is 829455803 a prime number?
False
Is 115672757 prime?
True
Is 422705041 prime?
False
Is 11341931 composite?
False
Is 41191079 composite?
False
Is 9051494 prime?
False
Is 226663549 a prime number?
False
Is 17129681 composite?
False
Is 24345691 a prime number?
True
Is 190885727 a composite number?
False
Is 354454603 a prime number?
True
Is 2593039 a prime number?
True
Is 42360293 composite?
False
Is 223837709 prime?
False
Is 288392653 prime?
False
Is 1205429 a composite number?
True
Is 2237951 a prime number?
True
Is 1616071 a composite number?
True
Is 24145939 a prime number?
True
Is 247261747 prime?
False
Is 6638893 composite?
False
Is 18336667 a prime number?
True
Is 682257 a composite number?
True
Is 399551167 composite?
False
Is 7758547 prime?
False
Is 73614781 a composite number?
True
Is 39101906 composite?
True
Is 22365713 a prime number?
False
Is 12115283 prime?
True
Is 11489187 composite?
True
Is 77300693 a prime number?
True
Is 470980537 a composite number?
False
Is 25869709 composite?
False
Is 1722667 composite?
False
Is 1636291 a composite number?
False
Is 4365337 composite?
False
Is 1682017 prime?
True
Is 9054473 prime?
True
Is 49032667 prime?
False
Is 13225873 a composite number?
False
Is 5692633 a prime number?
True
Is 108287913 prime?
False
Is 3203243 prime?
True
Is 18798367 a composite number?
True
Is 3192017 a composite number?
False
Is 11633309 a composite number?
False
Is 717019 prime?
False
Is 33267169 composite?
True
Is 6618647 a composite number?
True
Is 527474 composite?
True
Is 17332907 a prime number?
True
Is 772615 composite?
True
Is 3505709 composite?
True
Is 25426357 a composite number?
True
Is 680567 composite?
False
Is 301051 composite?
False
Is 155064563 composite?
True
Is 1448969 a composite number?
True
Is 6211355 prime?
False
Is 59760059 a composite number?
False
Is 106406389 a prime number?
True
Is 19544799 prime?
False
Is 105439 prime?
False
Is 8473207 composite?
True
Is 77320007 composite?
True
Is 370204537 a prime number?
True
Is 15767711 a composite number?
False
Is 560539 prime?
False
Is 23390693 a prime number?
False
Is 608464757 prime?
True
Is 2800439 composite?
False
Is 99729713 prime?
True
Is 10697909 a composite number?
True
Is 7433697 composite?
True
Is 5399101 a prime number?
True
Is 12134867 a prime number?
True
Is 25531921 prime?
False
Is 102340591 a prime number?
True
Is 20282287 a prime number?
True
Is 12511781 a composite number?
True
Is 1227859 a prime number?
False
Is 2579393 a composite number?
True
Is 60344987 a composite number?
True
Is 114721283 a composite number?
False
Is 118811239 a prime number?
False
Is 20074133 a composite number?
True
Is 12265607 a prime number?
False
Is 15996538 a composite number?
True
Is 3020389 composite?
False
Is 12999671 a prime number?
False
Is 3151763 prime?
True
Is 8424697 composite?
False
Is 27612773 prime?
True
Is 14785007 a composite number?
True
Is 306216707 composite?
False
Is 21857609 prime?
True
Is 5318843 prime?
True
Is 21378535 composite?
True
Is 148032623 a composite number?
True
Is 144996095 a composite number?
True
Is 20360933 prime?
True
Is 592873 composite?
False
Is 28089647 a composite number?
True
Is 528587 prime?
False
Is 5817973 prime?
False
Is 923609 a composite number?
True
Is 67820143 prime?
True
Is 354097 a composite number?
False
Is 266001553 prime?
True
Is 4042009 composite?
True
Is 15587329 a composite number?
False
Is 22463183 a prime number?
True
Is 23584171 prime?
False
Is 1977649 prime?
False
Is 9946549 prime?
True
Is 145448321 prime?
True
Is 106191053 composite?
False
Is 1747903 composite?
False
Is 2148947 composite?
False
Is 105187 a composite number?
True
Is 11565313 a composite number?
False
Is 627401 composite?
True
Is 16946707 a composite number?
True
Is 52816703 prime?
False
Is 65874511 composite?
False
Is 5480507 a prime number?
False
Is 82798943 a prime number?
False
Is 28739411 composite?
False
Is 16399745 prime?
False
Is 121843 composite?
False
Is 10437887 a prime number?
False
Is 2684813 a prime number?
False
Is 9031229 composite?
False
Is 291225299 prime?
False
Is 6115909 composite?
False
Is 298577 a composite number?
True
Is 65022391 a composite number?
True
Is 1111841 prime?
True
Is 13419291 a composite number?
True
Is 449713 composite?
True
Is 16578511 a composite number?
True
Is 5420089 prime?
True
Is 4351561 composite?
False
Is 685733 a prime number?
True
Is 276319 a prime number?
True
Is 941099 a composite number?
False
Is 20276657 a composite number?
False
Is 17190197 a composite number?
False
Is 520776367 prime?
False
Is 148980659 composite?
True
Is 6843697 a prime number?
False
Is 2306911 prime?
True
Is 124551043 a composite number?
False
Is 3203281 prime?
True
Is 20860733 a prime number?
True
Is 2666177 composite?
False
Is 1974485 composite?
True
Is 16079509 a prime number?
True
Is 8134177 a prime number?
False
Is 9202013 a prime number?
True
Is 171136793 a composite number?
False
Is 9713027 a prime number?
False
Is 230731159 prime?
True
Is 5822077 composite?
False
Is 271023217 composite?
False
Is 13495283 composite?
False
Is 22261783 composite?
False
Is 13588319 prime?
True
Is 10903309 a prime number?
True
Is 263208903 prime?
False
Is 4100209 a composite number?
True
Is 9831253 prime?
False
Is 66911 prime?
False
Is 106163 a prime number?
True
Is 12231283 a prime number?
True
Is 6998561 composite?
False
Is 5850521 a prime number?
False
Is 15777161 composite?
False
Is 27985367 composite?
False
Is 7372403 a composite number?
True
Is 461971 prime?
True
Is 166864947 a prime number?
False
Is 524574957 a composite number?
True
Is 28027919 prime?
True
Is 31983233 composite?
False
Is 2067701 a prime number?
False
Is 8202253 prime?
True
Is 1358820257 a composite number?
False
Is 1448217091 a composite number?
False
Is 1315591 prime?
True
Is 6507791 composite?
True
Is 38885329 prime?
False
Is 47189 a prime number?
True
Is 52507691 prime?
False
Is 10197113 a composite number?
True
Is 127